le of 79?
True
Is 171 a factor of 1792?
False
Is 275 a factor of 5775?
True
Does 49 divide 774?
False
Is 52 a multiple of 3?
False
Does 12 divide 346?
False
Is 885 a multiple of 9?
False
Is 7 a factor of 488?
False
Is 2146 a multiple of 33?
False
Is 920 a multiple of 23?
True
Is 3341 a multiple of 17?
False
Is 15 a factor of 1812?
False
Does 6 divide 3617?
False
Does 7 divide 23716?
True
Is 3 a factor of 5449?
False
Does 10 divide 2870?
True
Does 4 divide 7680?
True
Is 1149 a multiple of 12?
False
Is 960 a multiple of 24?
True
Is 10 a factor of 430?
True
Is 60 a factor of 1427?
False
Is 23 a factor of 320?
False
Is 29 a factor of 62379?
True
Is 19 a factor of 736?
False
Does 116 divide 1972?
True
Is 28 a factor of 19986?
False
Does 158 divide 450?
False
Is 22 a factor of 97108?
True
Does 4 divide 396?
True
Is 20 a factor of 4242?
False
Does 39 divide 7954?
False
Is 1644 a multiple of 21?
False
Is 12 a factor of 4164?
True
Does 4 divide 267?
False
Does 45 divide 4449?
False
Is 10 a factor of 80?
True
Does 8 divide 1088?
True
Is 635 a multiple of 10?
False
Is 31 a factor of 3720?
True
Does 4 divide 7676?
True
Does 30 divide 9570?
True
Is 290 a multiple of 10?
True
Is 74 a factor of 1304?
False
Is 13 a factor of 22393?
False
Is 869 a multiple of 15?
False
Does 4 divide 1027?
False
Does 75 divide 2400?
True
Is 2201 a multiple of 31?
True
Is 192 a multiple of 18?
False
Does 6 divide 64?
False
Does 7 divide 329?
True
Is 6230 a multiple of 178?
True
Does 53 divide 43725?
True
Is 1616 a multiple of 16?
True
Does 11 divide 51?
False
Is 99 a factor of 2955?
False
Does 61 divide 37561?
False
Is 204 a multiple of 6?
True
Is 2010 a multiple of 75?
False
Does 12 divide 7440?
True
Is 12464 a multiple of 16?
True
Does 152 divide 25556?
False
Is 14 a factor of 406?
True
Is 8094 a multiple of 38?
True
Is 23 a factor of 1127?
True
Is 191 a factor of 16398?
False
Is 2684 a multiple of 122?
True
Is 3443 a multiple of 21?
False
Does 95 divide 16748?
False
Is 10206 a multiple of 6?
True
Does 2 divide 7451?
False
Is 2 a factor of 3983?
False
Is 104 a multiple of 26?
True
Is 43530 a multiple of 6?
True
Is 85 a factor of 3228?
False
Is 54 a factor of 8289?
False
Does 197 divide 158979?
True
Is 28 a factor of 1596?
True
Is 3 a factor of 1614?
True
Does 69 divide 3899?
False
Is 16 a factor of 15020?
False
Is 2480 a multiple of 3?
False
Is 46 a factor of 65964?
True
Does 9 divide 90?
True
Is 46 a factor of 24258?
False
Is 6 a factor of 66?
True
Does 52 divide 3900?
True
Is 5856 a multiple of 39?
False
Does 18 divide 31752?
True
Does 6 divide 12520?
False
Is 2334 a multiple of 19?
False
Is 360 a multiple of 90?
True
Is 10 a factor of 4490?
True
Is 5624 a multiple of 37?
True
Is 854 a multiple of 4?
False
Is 608 a multiple of 8?
True
Is 12 a factor of 27141?
False
Is 6 a factor of 30?
True
Is 710 a multiple of 35?
False
Is 4 a factor of 107?
False
Does 8 divide 1389?
False
Does 25 divide 1311?
False
Is 31 a factor of 67?
False
Is 52 a factor of 3838?
False
Is 927 a multiple of 10?
False
Does 20 divide 60?
True
Is 15 a factor of 4005?
True
Is 1394 a multiple of 8?
False
Does 25 divide 6401?
False
Does 4 divide 12?
True
Is 1302 a multiple of 7?
True
Is 16517 a multiple of 146?
False
Is 8725 a multiple of 133?
False
Is 4770 a multiple of 20?
False
Does 57 divide 399?
True
Is 40 a factor of 5366?
False
Is 45138 a multiple of 15?
False
Is 12190 a multiple of 18?
False
Is 19 a factor of 50350?
True
Does 71 divide 71?
True
Is 9 a factor of 8631?
True
Does 83 divide 14160?
False
Is 190 a multiple of 10?
True
Does 5 divide 1615?
True
Is 2686 a multiple of 158?
True
Is 51043 a multiple of 13?
False
Is 4 a factor of 793?
False
Is 23 a factor of 919?
False
Is 1143 a multiple of 3?
True
Is 10 a factor of 3280?
True
Is 780 a multiple of 60?
True
Is 14556 a multiple of 73?
False
Does 191 divide 113765?
False
Does 3 divide 2660?
False
Does 6 divide 1403?
False
Does 5 divide 595?
True
Does 9 divide 2853?
True
Is 14 a factor of 5100?
False
Is 49 a factor of 2483?
False
Does 17 divide 40324?
True
Is 29 a factor of 1595?
True
Is 17 a factor of 13379?
True
Is 174 a multiple of 6?
True
Does 3 divide 2307?
True
Does 11 divide 84?
False
Is 11 a factor of 10714?
True
Does 72 divide 4896?
True
Does 138 divide 26706?
False
Is 5 a factor of 4694?
False
Is 11960 a multiple of 8?
True
Is 7 a factor of 18648?
True
Is 18930 a multiple of 15?
True
Is 332 a multiple of 3?
False
Does 51 divide 37051?
False
Is 11943 a multiple of 4?
False
Does 5 divide 541?
False
Is 15 a factor of 354?
False
Does 42 divide 52752?
True
Is 4 a factor of 28?
True
Is 1985 a multiple of 41?
False
Is 35 a factor of 59290?
True
Is 93 a multiple of 3?
True
Is 30 a factor of 1320?
True
Is 1008 a multiple of 42?
True
Is 7 a factor of 1946?
True
Is 2146 a multiple of 2?
True
Is 64 a factor of 1152?
True
Is 182 even?
True
Does 34 divide 21593?
False
Does 9 divide 20574?
True
Is 8 a factor of 11597?
False
Is 102 a factor of 11628?
True
Does 28 divide 21872?
False
Is 3 a factor of 124?
False
Is 1287 a multiple of 39?
True
Does 54 divide 5772?
False
Is 437 a multiple of 23?
True
Is 110 a factor of 4478?
False
Is 15746 a multiple of 23?
False
Does 11 divide 179?
False
Is 1800 a multiple of 120?
True
Does 191 divide 25508?
False
Does 65 divide 359?
False
Is 27 a factor of 1134?
True
Does 23 divide 2461?
True
Is 884 a multiple of 26?
True
Does 48 divide 25152?
True
Does 27 divide 54?
True
Is 6 a factor of 78?
True
Does 17 divide 199?
False
Does 3 divide 359?
False
Is 438 a multiple of 6?
True
Does 2 divide 1135?
False
Does 3 divide 27?
True
Does 8 divide 3190?
False
Is 24 a factor of 29?
False
Does 328 divide 9435?
False
Is 48128 a multiple of 8?
True
Is 30 a factor of 571?
False
Is 3520 a multiple of 10?
True
Is 24 a factor of 168?
True
Is 3285 a multiple of 188?
False
Does 10 divide 860?
True
Is 5 a factor of 213?
False
Is 3206 a multiple of 4?
False
Does 72 divide 1512?
True
Does 41 divide 9717?
True
Does 37 divide 49247?
True
Is 32 a factor of 6048?
True
Does 28 divide 17304?
True
Is 6 a factor of 1217?
False
Does 7 divide 366?
False
Does 46 divide 7268?
True
Is 18 a factor of 840?
False
Is 697 a multiple of 29?
False
Is 40 a factor of 1920?
True
Is 12949 a multiple of 7?
False
Is 7287 a multiple of 21?
True
Does 134 divide 375?
False
Is 1555 a multiple of 51?
False
Does 34 divide 8436?
False
Is 25 a factor of 94150?
True
Is 27 a factor of 2079?
True
Is 78 a factor of 5330?
False
Is 954 a multiple of 9?
True
Is 16 a factor of 1257?
False
Is 42 a factor of 84?
True
Is 2 a factor of 121?
False
Is 15222 a multiple of 59?
True
Is 14 a factor of 16100?
True
Is 20 a factor of 120?
True
Is 39 a factor of 351?
True
Does 141 divide 18471?
True
Does 7 divide 618?
False
Is 311 a multiple of 77?
False
Does 27 divide 405?
True
Does 42 divide 1512?
True
Is 329 a multiple of 20?
False
Is 3094 a multiple of 13?
True
Is 38 a factor of 2242?
True
Does 58 divide 3364?
True
Does 26 divide 1144?
True
Is 5452 a multiple of 94?
True
Is 268 a multiple of 4?
True
Does 13 divide 1183?
True
Does 305 divide 11330?
False
Is 22 a factor of 638?
True
Is 2519 a multiple of 54?
False
Is 9 a factor of 1412?
False
Is 2 a factor of 3803?
False
Is 1412 a multiple of 5?
False
Is 94 a multiple of 4?
False
Is 84 a factor of 1302?
False
Does 22 divide 9064?
True
Is 10 a factor of 536?
False
Is 3584 a multiple of 5?
False
Does 46 divide 4186?
True
Is 85 a factor of 17937?
False
Is 9 a factor of 234?
True
Is 16 a factor of 10489?
False
Is 1444 a multiple of 109?
False
Is 18 a factor of 1120?
False
Is 1353 a multiple of 14?
False
Is 24 a factor of 13032?
True
Does 6 divide 612?
True
Is 10505 a multiple of 191?
True
Is 55 a factor of 32065?
True
Does 69 divide 11109?
True
Is 42 a factor of 1481?
False
Is 3781 a multiple of 20?
False
Does 12 divide 5040?
True
Is 7 a factor of 7434?
True
Is 1984 a multiple of 32?
True
Is 28 a factor of 728?
True
Does 104 divide 860?
False
Is 24 a factor of 1464?
True
Does 94 divide 8930?
True
Is 1456 a multiple of 40?
False
Does 12 divide 2208?
True
Does 8 divide 1560?
True
Does 17 divide 1834?
False
Is 7781 a multiple of 2?
False
Is 2387 a multiple of 32?
False
Does 68 divide 20672?
True
Is 440 a multiple of 11?
True
Is 4757 a multiple of 39?
Fal